ose 4*s + 2 = 2*s. Let f be -1*(0 - (s + 14)). What is the highest common divisor of f and 91?
13
Let a = 23 - 17. Let q(i) = 4*i + 1. Let c be q(a). Calculate the highest common factor of c and 200.
25
Suppose k + 2*x = -2, 14 = -2*k + 4*k - 2*x. Suppose -f = -2*i - 23, 3*i = -k*f - i + 152. What is the greatest common divisor of f and 11?
11
Suppose 583 = 15*o - 257. What is the highest common factor of 112 and o?
56
Let d be 6/4 - 134/(-4). Suppose 12*m = 8*m + 140. Suppose q + 4*q = m. Calculate the greatest common divisor of q and d.
7
Let m(p) = 18*p - 5. Let d be m(7). Suppose 4*j + 3*v = 2*v - 221, -2*v - 162 = 3*j. Let q = -45 - j. What is the highest common divisor of q and d?
11
Let w be 3/(-15) - (-14796)/30. Calculate the greatest common factor of 29 and w.
29
Suppose 8*m = 7*m + 1. Let k be (-32)/(-24)*(m - -47). Let p = 108 - 76. Calculate the greatest common divisor of p and k.
32
Suppose 3*n + 16 = n. Let r(f) = -3*f - 15. Let c be r(n). Let i(w) = -w**3 + 10*w**2 - 10*w + 13. Let a be i(c). What is the highest common factor of 40 and a?
4
Suppose 6*v - 114 = 6. What is the greatest common factor of 40 and v?
20
Suppose -q + 75 = 5*n + 9, -5*n - 66 = -q. What is the highest common factor of q and 231?
33
Suppose 0 = -y - 221 + 15. Let f = -521 - -914. Let l = f + y. Calculate the highest common divisor of l and 17.
17
Suppose 0 = -2*u - 3*u + 10. Suppose -5*l + 1093 = u*t, 0 = l + 4*t - 7*t - 205. Calculate the highest common divisor of 31 and l.
31
Suppose s + 51 = -5*l, -4*l + 5*s = -0*l + 64. Let z be -2 - 0 - (-3 + l). Suppose z = 2*d - d. What is the greatest common divisor of d and 3?
3
Suppose -g - 44 = -42. Let q be g/(-18) - (-591)/27. What is the greatest common divisor of 242 and q?
22
Let j(u) = -u**3 + 3*u**2 + 5*u - 2. Let q be j(4). Let t(x) = 53*x - 181. Let n be t(5). Suppose q*h + h = n. What is the highest common factor of 14 and h?
14
Let q(h) = 58*h - 224. Let g be q(7). What is the greatest common divisor of 26 and g?
26
Suppose -z - 2*n + 38 = 0, 4*z = -n + 118 + 27. Let u be (-462)/63*(-18)/33. Calculate the highest common factor of z and u.
4
Let h be -1 - (2/5 + 486/10). Let r = h + 86. What is the greatest common divisor of 12 and r?
12
Let f = 664 + -625. What is the highest common factor of 325 and f?
13
Let q = 7444 - 7417. Suppose -2*i + 34 = 2*d, 2*d = 5*i + 25 + 16. Calculate the highest common divisor of d and q.
9
Suppose -5*a - 311 = 4*n, n + 5*a = 5*n + 281. Let v = -51 - n. What is the greatest common divisor of 207 and v?
23
Let a = -165 - -181. Let k be ((-8)/(-10))/(6/15). What is the highest common factor of k and a?
2
Let c be -3*40/(-12)*9. What is the greatest common divisor of 36 and c?
18
Let c = -58 - -28. Let p be c/(-12)*44/10. Suppose -3*f + 41 = p. Calculate the highest common factor of 10 and f.
10
Suppose 0 = 5*l - 893 + 38. Suppose 19*b - 50 = 311. What is the highest common divisor of l and b?
19
Let b be 4520/(-56) - 4/14. Let s be (-8)/(330/b - -4). Calculate the highest common factor of 12 and s.
12
Suppose 4*i - 4 = 40. Let m be ((144/(-10))/4)/(20/(-550)). What is the highest common factor of i and m?
11
Let g be (7 + -8)*(1 - 4). Suppose y + 36 = g*y. Let r = y - 8. Calculate the greatest common divisor of r and 90.
10
Let u be (36/30)/(6/45). What is the greatest common divisor of u and 57?
3
Suppose 2*n - 68 = -0*n. Suppose -170 = -21*g + 1258. Calculate the greatest common factor of n and g.
34
Let p(l) = l**2 - 2*l - 5. Let v be p(3). Let u be v/(-1)*55/2. Calculate the greatest common divisor of u and 33.
11
Let n(d) = -d**3 - d**2 + 1. Let m(l) = 7*l**3 - l**2 - 9*l - 8. Let x(f) = -m(f) - 6*n(f). Let i be x(8). What is the highest common divisor of i and 40?
10
Let h = 739 - 703. Calculate the greatest common divisor of 99 and h.
9
Let j = -168 - -240. Let d(x) = 2*x + 3. Let n be d(3). What is the highest common factor of j and n?
9
Let n be (-16)/(-28)*7 - (-57)/3. Calculate the greatest common factor of n and 736.
23
Let g be (-4 + 7)*10/6. Let o(s) = -5 + g - 37*s - 3*s. Let n be o(-1). Calculate the greatest common divisor of 8 and n.
8
Let r(z) = 5*z + 6. Let h be r(-3). Let f be -22*(h/(-6))/(-1). What is the highest common factor of 22 and f?
11
Suppose 5*w = -20, 22*n - 27*n + 34 = 4*w. Calculate the greatest common factor of n and 360.
10
Let d be ((-6)/(-2) + 0)*165/99. Suppose -x - 1 = -0*x. Let o be 2/(x/20*-2). Calculate the greatest common factor of o and d.
5
Suppose -100 + 60 = -4*t. Calculate the greatest common divisor of 1810 and t.
10
Let q(a) = -126*a + 129*a + 8 + 4. Let b be q(14). What is the highest common divisor of 6 and b?
6
Let n = -16 - -26. Let m(u) = -u**2 + 11*u - 5. Let g be m(n). Suppose g*x - 48 = 62. Calculate the highest common divisor of x and 33.
11
Let o(v) = 3*v + 20. Let j(h) = -2*h - 19. Let q(l) = 2*j(l) + 3*o(l). Let p be q(11). What is the greatest common factor of p and 7?
7
Suppose -2 = -3*u - v, 12 = -4*u + 3*v - 8*v. Let b be u - (3 + 2) - 0. Let g be b*(200/12)/(-5). What is the greatest common factor of g and 70?
10
Suppose 4*g = m - 24, 3*g - 92 = 5*m - 7*m. What is the highest common divisor of m and 140?
20
Let v(r) = -24 + 396*r - 392*r - 2. Let h be v(10). Calculate the highest common factor of h and 35.
7
Let q be (-34305)/(-120) - (-1)/8. Calculate the greatest common divisor of q and 26.
26
Let w be (-320)/(-12) - (2/2)/(-3). Calculate the greatest common factor of w and 99.
9
Let a(q) = 11 + 22*q - 16*q - 13 - 20. Let v be a(15). Calculate the greatest common factor of 51 and v.
17
Let c(j) = -4 + j**3 + j**2 - 6*j - 3*j**2 + 8*j**2 + 0*j**3. Suppose -20 = 9*f - 5*f. Let b be c(f). What is the highest common factor of b and 17?
17
Suppose 4*b = c - 188, -4*c - 2*b = -34 - 628. Suppose -23*u = -3*u - 480. Calculate the greatest common factor of c and u.
24
Let a(s) = -6*s + 2. Let i be a(-3). Suppose -4 + 1 = 3*l + t, 2*l - 3*t + 13 = 0. Let z be (-1)/(-1) + 7 - l. Calculate the highest common factor of i and z.
10
Suppose -13*o + 14*o = 156. What is the greatest common divisor of o and 3?
3
Let a(i) = -5*i**3 - 2*i**2 + 2*i - 1. Let n be a(1). Let q be -198*1*3/n. What is the highest common factor of q and 9?
9
Suppose 4*h - 1 + 5 = -5*k, 12 = 2*h - k. Let w = h + 9. Suppose 595 = 5*y - 120. What is the highest common factor of y and w?
13
Suppose -14*y + 3*y = 715. Let b = y + 78. Let f be (13/(-3))/((-2)/24). Calculate the highest common factor of b and f.
13
Let d(w) = 8*w**2 + 3*w - 1. Let j = -11 + 13. Let u be 5/2 - j/(-4). Let o be d(u). Calculate the highest common factor of 10 and o.
10
Suppose 4*m - 13 = 7. Suppose m*i - 2*k = -k + 27, i + 5*k = -5. Suppose 7 - 227 = -4*u. Calculate the highest common factor of i and u.
5
Suppose c - 25 = -10. Suppose -k - k + 60 = 0. Calculate the highest common factor of k and c.
15
Suppose -4*v + 3*v + 4*c = -280, 0 = 5*v + 3*c - 1377. Calculate the greatest common factor of v and 207.
69
Suppose 2103 + 897 = 5*d. Calculate the highest common factor of 96 and d.
24
Let p be (-5890)/(-40) - (-4)/(80/(-5)). Calculate the greatest common factor of 196 and p.
49
Suppose -136 = 2*f - 3*h, -3*f - 215 = -4*h - 11. Let s be -12*(f/6)/1. Let j = -101 + 118. Calculate the greatest common divisor of j and s.
17
Let r(o) = o**3 + 8*o**2 + 8*o - 4. Let y be r(-6). Calculate the highest common factor of 40 and y.
20
Suppose 1558 = 5*i + 408. Calculate the greatest common factor of 20 and i.
10
Suppose 51*x = 57*x - 1020. What is the greatest common divisor of 238 and x?
34
Let s(d) = -68*d - 12. Let m be s(-6). Suppose 10*i = 4*i + m. Calculate the greatest common divisor of i and 6.
6
Let g = 2 + -5. Let x be 0/g + (-75)/(-5). Let q = -33 + 78. Calculate the highest common divisor of x and q.
15
Let p(b) = b**2. Let s be p(2). Suppose -3*t + 0*t = 4*r - 46, -4*r + 64 = s*t. Suppose t = -2*v + 3*v. Calculate the highest common divisor of 162 and v.
18
Suppose 100*n = 98*n + 72. Calculate the greatest common factor of 468 and n.
36
Suppose -127*j - 120 = -137*j. What is the greatest common divisor of j and 78?
6
Let l = 11 + -5. Let s be ((-39)/(-30) + 1/2)*5. What is the greatest common divisor of l and s?
3
Let u(k) = 2*k**2 - 5*k + 14. Let s be u(-2). Calcul